 is d713 + -2?
d711
In base 8, what is 2145 + 704?
3051
In base 12, what is 44 - 97a?
-936
In base 10, what is -103009 - 1?
-103010
In base 16, what is -15b1 - 4e?
-15ff
In base 7, what is 1 + 336022?
336023
In base 10, what is 3 - -47912?
47915
In base 7, what is -440 + 154?
-253
In base 10, what is 4 - -8438?
8442
In base 15, what is -d + -c27?
-c35
In base 6, what is -25 + 1005?
540
In base 12, what is 2b61 - 657?
2506
In base 15, what is 26a3 - -6?
26a9
In base 13, what is -2171 + -27b?
-241c
In base 11, what is 7 - 6941?
-6935
In base 15, what is -58131 - -3?
-5812d
In base 7, what is 5 - 212214?
-212206
In base 14, what is 2d - -324?
353
In base 3, what is -2 + -1201200220?
-1201200222
In base 15, what is 0 + -1c8eb?
-1c8eb
In base 16, what is 20c - -201a?
2226
In base 16, what is -12d + -280?
-3ad
In base 11, what is -6 + 17132?
17127
In base 13, what is -3c0a - 1?
-3c0b
In base 8, what is -17742 + -5?
-17747
In base 10, what is 8600 - 39?
8561
In base 12, what is 4b + -6131?
-60a2
In base 5, what is -3 - 230413?
-230421
In base 6, what is 345525 - -12?
345541
In base 3, what is -2022122010 - 0?
-2022122010
In base 5, what is 4 + 14232443?
14233002
In base 11, what is 1061a - -4?
10623
In base 16, what is -5 - 3f89?
-3f8e
In base 11, what is -11a7 + -27?
-1223
In base 9, what is 77 - 423?
-335
In base 3, what is 20200022221 + -12?
20200022202
In base 2, what is -110 + -100000101000101?
-100000101001011
In base 15, what is 17398 + -1?
17397
In base 13, what is -46 - -5145?
50cc
In base 11, what is -1 + a5175?
a5174
In base 4, what is 123 + -20003211?
-20003022
In base 7, what is 661 + -4133?
-3142
In base 6, what is 31313 - -4?
31321
In base 6, what is -32242214 + 2?
-32242212
In base 15, what is -5981 - 7?
-5988
In base 12, what is 982 - 13?
96b
In base 11, what is 10 - 249054?
-249044
In base 14, what is -681 - -633?
-4c
In base 13, what is 9a47 - -1a?
9a64
In base 2, what is 110010 + -1010?
101000
In base 12, what is -4 + 44aa8?
44aa4
In base 8, what is 341 + 7747?
10310
In base 13, what is -1 - -231b3?
231b2
In base 3, what is 0 + 101201101120?
101201101120
In base 14, what is 59 + b6?
131
In base 4, what is 3 - 203311?
-203302
In base 3, what is -201211 + -10010?
-211221
In base 10, what is 4 - 32030?
-32026
In base 12, what is 3 + -31307?
-31304
In base 5, what is 114 - -10241?
10410
In base 6, what is 412 - 4540?
-4124
In base 10, what is 205 + -431?
-226
In base 7, what is -5501045 + -1?
-5501046
In base 15, what is a2c + -4?
a28
In base 2, what is -11100001011 + 1100010?
-11010101001
In base 13, what is 224828 - 0?
224828
In base 2, what is -110111001 + -1111000110?
-10101111111
In base 9, what is -4404 + -43?
-4447
In base 10, what is 251 + -1355?
-1104
In base 15, what is 4232 + 1?
4233
In base 11, what is 801 - 13?
799
In base 16, what is -2c8a + 1c?
-2c6e
In base 11, what is 383 + -306?
78
In base 6, what is 0 - 232410?
-232410
In base 4, what is 331032 + 11?
331103
In base 11, what is 0 + -a8332?
-a8332
In base 9, what is -37 + 1548?
1511
In base 6, what is 1 - 2124433?
-2124432
In base 12, what is 104 + -1b7?
-b3
In base 2, what is -1 - -10001111100001011011?
10001111100001011010
In base 12, what is -17 + 814a?
8133
In base 15, what is -a - 42e?
-439
In base 6, what is -2320 - -24135?
21415
In base 8, what is -1530366 + 1?
-1530365
In base 15, what is 3cd + a?
3d8
In base 6, what is -15435 + 310?
-15125
In base 15, what is -37 - 38b1?
-38e8
In base 9, what is 1 + -1752866?
-1752865
In base 5, what is 11 + 133303?
133314
In base 11, what is -149 + -423?
-571
In base 15, what is -191 + b66?
9c5
In base 16, what is -29 - -9b87?
9b5e
In base 15, what is 1365 - 4?
1361
In base 10, what is 2184 - 22?
2162
In base 8, what is 65 + -7241?
-7154
In base 4, what is -11 - -100300332?
100300321
In base 6, what is 14 - -122540?
122554
In base 15, what is 30ee - 0?
30ee
In base 8, what is -4 - -103342?
103336
In base 9, what is 182684 + -10?
182674
In base 9, what is -21658 - 0?
-21658
In base 11, what is -158 - 148?
-2a5
In base 13, what is 4 + 580?
584
In base 2, what is 100111110001001010 + -110?
100111110001000100
In base 9, what is -748 - -11370?
10521
In base 16, what is -2f6 - 30?
-326
In base 16, what is 4e + 0?
4e
In base 13, what is -531 + -a31?
-1262
In base 4, what is 200201 + -1030?
133111
In base 15, what is -8b + -36?
-c2
In base 11, what is -5 - 5594?
-5599
In base 7, what is 6031 + -3356?
2342
In base 2, what is 1000 - -110000100000111?
110000100001111
In base 3, what is -2201222001 + -2?
-2201222010
In base 10, what is 5 - -866226?
866231
In base 6, what is -220 + 1101?
441
In base 12, what is 511 + -4?
509
In base 12, what is 36 - -1420?
1456
In base 16, what is 139c - de?
12be
In base 4, what is -1 - 1301222?
-1301223
In base 7, what is 4 - 2053365?
-2053361
In base 16, what is 4 + -432?
-42e
In base 4, what is 31 + -22302110?
-22302013
In base 5, what is -1024 + 33031?
32002
In base 9, what is 278 + 42?
331
In base 5, what is -4 - -121243?
121234
In base 6, what is 1 - 2310521?
-2310520
In base 9, what is -33 - 2564?
-2607
In base 5, what is -411 - -23402?
22441
In base 10, what is 327 + -383?
-56
In base 15, what is -257 + 2553?
22eb
In base 15, what is -6136 - 1c?
-6153
In base 5, what is -11 - -2224130?
2224114
In base 12, what is -19a17 + -5?
-19a20
In base 10, what is 5 - 109786?
-109781
In base 8, what is 75610 + -2?
75606
In base 11, what is a + -17262?
-17253
In base 10, what is -21 + 16024?
16003
In base 13, what is 3 - -a2797?
a279a
In base 3, what is 21011210220 + -1010?
21011202210
In base 4, what is 1130102332 - 13?
1130102313
In base 16, what is -2 + 17154?
17152
In base 9, what is 2186444 - -5?
2186450
In base 2, what is 100000011111 - -1100101?
100010000100
In base 7, what is -5262202 + 0?
-5262202
In base 9, what is -1 + -47566?
-47567
In base 15, what is 4a3e45 - -3?
4a3e48
In base 15, what is db5 + 66?
e2b
In base 16, what is -3 - -37f7?
37f4
In base 16, what is 4 - 23e80?
-23e7c
In base 14, what is -2c81 + -5?
-2c86
In base 10, what is -6520 - -9?
-6511
In base 11, what is 140449 + 15?
140463
In base 6, what is 1221 - 11030?
-5405
In base 15, what is 3c - -a9eb?
aa38
In base 14, what is 0 - -6495?
6495
In base 10, what is 3 + -9072?
-9069
In base 12, what is 287b - -2b?
28aa
In base 7, what is -25655 - -3?
-25652
In base 10, what is 215 - -4736?
4951
In base 7, what is -233 + -3136?
-3402
In base 6, what is -134 + -20352?
-20530
In base 8, what is -741742 - -2?
-741740
In base 14, what is 334 + 67d?
9b3
In base 10, what is -5 + -50350?
-50355
In base 7, what is 3 + 50640?
50643
In base 3, what is -10111 + -10200?
-21011
In base 2, what is 110110111101 - 110110?
110110000111
In base 7, what is -2 - 116244?
-116246
In base 11, what is 255824 + 14?
255838
In base 5, what is 4 + 11211414?
11211423
In base 3, what is 10002001 - -101200?
10110201
In base 11, what is -6a971 - -9?
-6a963
In base 12, what is -4 + -278046?
-27804a
In base 6, what is -2 + 4304345?
4304343
In base 5, what is 22112 - 42?
22020
In base 12, what is -117768 - 1?
-117769
In base 7, what is -153325 - 6?
-153334
In base 5, what is -1140412403 - 1?
-1140412404
In base 10, what is 15 + -240941?
-240926
In base 5, what is -21 + 1322224?
1322203
In base 15, what is -b7d - -4?
-b79
In base 6, what is -1212 + -2042?
-3254
In base 4, what is -312132001 + 11?
-312131330
In base 10, what is -5041 + -18?
-5059
In base 7, what is 0 - 14442?
-14442
In base 15, what is 3 - -2aedb?
2aede
In base 10, what is 33 - 70107?
-70074
In base 10, what is 4290 - 28?
4262
In base 9, what is 116 + 486?
613
In base 7, what is -13362452 + -1?
-13362453
In base 4, what is 112311302 - 1?
112311301
In base 11, what is 19010 - 4?
19007
In base 5, what is -10302 + 1113?
-4134
In base 3, what is -1212021 - 2121?
-1221212
In base 4, what is 223122 + -222323?
133
In base 5, what is 23330 - 1?
23324
In base 10, what is -4 - -640523?
640519
In base 15, what is -a + -45690?
-4569a
In base 5, what is -201 - 1123424?
-1124130
In base 4, what is -22213013 - 1?
-22213020
In base 13, what is -360 - -1ac?
-181
In base 14, what is -4 + 27b4a9?
27b4a5
In base 2, what is -11001 + 1010011111011?
1010011100010
In base 10, what is -643 - 939?
-1582
In base 7, what is 1413 + -22